-19?
28
Calculate -23 + (5 - 1 - -19) + -37.
-37
Calculate 102 + -109 + (62 + -67 - (1 - 29)).
16
Calculate -22 + -3 + (-19 - (15 + -49)).
-10
(1 - -15 - (3 + 6)) + (-2 - (-2 - -74))
-67
(-1 + 0 - (54 - 58) - 6) + -4 - 30
-37
What is the value of -17 - (-64 + 0 - (-12 + 20))?
55
(-49 - -15) + (486 - 449)
3
What is the value of -6 - (-6 + -16) - (130 + -101)?
-13
Calculate (44 + 8 - 0) + 9 + -19 + 7.
49
-28 - -2 - (-352 + 303)
23
What is the value of -39 + 1 + 66 + -6?
22
Calculate (67 - 13) + -63 + 69.
60
What is the value of (16 - (42 - (77 - 36))) + 32 + -1?
46
Evaluate -17 + -43 + 60 - ((-3 - 41) + 3).
41
Evaluate (0 - -3) + -3 + 6 + -17 + 19.
8
What is the value of (3 + -1 - 1) + 6 + -3 - (65 - 29)?
-32
What is the value of -31 - (20 - 64) - -3?
16
Evaluate 181 - 198 - (-138 + -6).
127
Calculate 121 + -2 - (7606 - 7431).
-56
Evaluate 6 + 2 - (33 + -22 + (29 - 26)).
-6
What is the value of -7 + 48 + 99 + -171?
-31
What is -8 + -1 + -46 + (9 - -39) - (21 - 0)?
-28
Evaluate 20 + (-14 - (-6 - 38) - -25).
75
Calculate (-32 - (-6 - -17)) + (2 - (0 - 9)).
-32
What is 48 + -101 + 98 + 33?
78
Evaluate -8 + (-21 - (37 - 68) - (1 + -3 - 12)).
16
-2 - ((-6 - (-23 + 9)) + -10) - 9 - -62
53
4 + (107 - -17 - 30)
98
What is the value of -151 - (-82 + 6 - -55)?
-130
What is the value of (71 - 48 - 28) + (11 - (4 - 4))?
6
What is (-8 + -122 - -63) + 9?
-58
Evaluate 42 + 29 + -24 + (-21 - -7 - -3).
36
What is (34 + -38 - (-18 - -2) - 5) + -51 + 0?
-44
What is the value of 74 - (276 + -307 + (-4 - -18))?
91
What is (-67 - -23) + -49 + 87?
-6
Calculate -91 - ((1 - -39) + (-83 - -90)).
-138
What is the value of 0 + -21 - ((-34 + 19 - -35) + -17)?
-24
Calculate 20 - 34 - (1 + 37).
-52
(-20 - 80) + 210 + -137
-27
What is (197 - 266) + (-2 - -7)?
-64
(-7 - 17) + -2 + 35 + -17
-8
Evaluate 427 + -399 + 2 + 0 + -15 + 2 + -98.
-81
-21 - (1 - -9 - (-19 + (17 - -8)) - 13)
-12
Evaluate 28 + (6 - -1) + -14.
21
(5 + -12 - -14) + (0 - 38)
-31
What is the value of -15 + 47 + -18 - 51?
-37
What is (19 + 14 + -41 - 52) + 5?
-55
What is (-10 - 2) + 2 + 3 - (55 + -113)?
51
-54 + 91 + -37 + 1 + (0 - -1) + -35
-33
Calculate -76 + 76 + -12 + 120.
108
Calculate (4 - (-67 - -6)) + -12 - (10 - 3).
46
Calculate -103 + (56 + -72 - -77).
-42
Calculate -31 + -2 - (80 - (0 + 148)).
35
Calculate -78 + (58 - (64 - 51)).
-33
(21 - 27 - ((22 - -5) + -6)) + -6
-33
Evaluate -93 - (10 + -103 - -57).
-57
Evaluate -30 + 121 + -32 + -18.
41
What is the value of 123 + (19 - 95) + -102?
-55
Evaluate -16 + -29 + 19 - (-2 - ((-6 - 6) + 1)).
-35
What is the value of 18 + (12 - 25) + -9 + (4 - 7 - -69)?
62
What is (-65 - -148) + -51 + -37?
-5
What is 9 - (-3 + (-17 - ((-1 - -16) + -31)))?
13
What is -43 + 2 + 12 + -2?
-31
What is the value of (44 - 70) + 42 + 8?
24
9 + (-15 - (16 + -15) - 5)
-12
Calculate 104 - ((0 - -24) + (73 - 110)).
117
What is (65 - (31 + -1)) + -2 - -79?
112
Evaluate -1 + -54 + 0 - (14048 - 14041).
-62
What is (27 + -2 - 47) + 2 - 49?
-69
Evaluate -4 + 7 - -2 - -36 - (-6 + 23 + -8).
32
What is -10 + (-65 - -59) - (-12 + 0)?
-4
Evaluate -10 + (-24 - -7) + 5 + 66.
44
(-38 - -2) + (53 + 36 - 80)
-27
Evaluate 4 + (5 - 10) + -26 + 16 + 51.
40
Calculate -45 + 13 - (-11 + -3) - -20.
2
-11 - (-87 + 147) - (0 - -6 - -2)
-79
What is -12 + -15 - (0 + -18 - 3 - -9)?
-15
What is 8 - ((-43 - 30) + 44)?
37
1 + -15 + -177 + 199
8
What is (12 - (9 - 2)) + (61 - 60)?
6
Evaluate 47 + (-40 - (-9 - (-6 - -29))).
39
What is (-5 + 13 - -7) + 25 + -17 + -70?
-47
What is the value of 108 + (-36 - 35) - 100?
-63
Evaluate (8 - 2) + -69 + 56 - (-32 + 5).
20
Calculate (1 - (5 - (-25 + 1))) + 99 + -111.
-40
What is 17 + -2 + (-5 - 3) - -12 - 75?
-56
Evaluate -68 - (-69 + 9 - 84).
76
What is the value of 4 + 5 + -12 + -18?
-21
Evaluate 0 + (15 + (2 - -2) - (109 - 117)).
27
Evaluate (-5 - -4 - -66) + (5 - (6 + -10 + 16)).
58
What is (74 - (9 - 6)) + (50 - 35) + -25?
61
Evaluate -33 + (59 - (117 - 89)).
-2
Evaluate -16 + (-18 + 27 + 16 - 1) - 35.
-27
What is the value of -54 + 1 - (-28 + 23 + -1 + 10)?
-57
What is the value of (10 - 2) + -10 - (-5 - (-4 + 1 + 40))?
40
-3530 + 3524 - (0 + 48 - (1 + -2))
-55
What is -8 + -29 + (79 - 12)?
30
Calculate (5 - 71) + (937 - 886).
-15
Evaluate 142 + -131 + (-4 - -41) + (3 - 5).
46
Evaluate -27 - ((-42 - 59) + 50).
24
What is the value of 67 - (54 - (35 + 24))?
72
What is (-4 + 8 + 43 - 4) + 7 + 3 + -6?
47
Evaluate -84 + -10 + (2 + -2 - 8 - (-835 - -812)).
-79
-12 + 1 + -4 + -33 + -29 + 29
-48
Calculate 13 + (209 - 198 - (13 + 4 + 3)).
4
Calculate 150 + (-17 - 45) - 36.
52
What is (33 - (3 - 32)) + (-3 - (-5 - -6))?
58
What is 37 - -7 - 11 - (-13 + 59)?
-13
What is the value of (96 - 108) + (1 - -28) - 32?
-15
-13 + (-136 + 131 - (20 - -1))
-39
What is (-19 - (-12 - -9) - (-17 - -9)) + -6 + -66?
-80
Calculate -199 + 83 + 292 + -103.
73
Calculate 61 + -81 + 32 + -54.
-42
Calculate (12 - (10 + 7 + 4)) + (3 - 56) + -2.
-64
What is the value of -7 + 7 + (-13 - (15 + 5))?
-33
Calculate 17563 - 17542 - (0 - -1 - -8).
12
Calculate (-107 - -131) + 18 + -41.
1
Evaluate -3 - (-15 + -10 - -12) - (-18 + -21).
49
What is the value of (13 + 29 - -28) + -43?
27
-2 + 7 - (22 + -5)
-12
-6 - -22 - 28 - (-2 - 54)
44
What is -93 + 35 - 68 - -102?
-24
What is the value of (31 - 20) + (-174 - -163)?
0
What is (1423 + -1424 - (5 + 1)) + -88 + -5?
-100
What is the value of -252 - -250 - (7 - (-1 - (6 + -13)) - -79)?
-82
Evaluate -180 + 256 - (-42 + 139).
-21
8 - (-14 + (-17 - -34 - 0) - (6 + -1))
10
What is the value of 53 - (-1188 + 1172 + (10 - (1 - 3)))?
57
57 + (9 - ((-12 - 0) + 28 + 2))
48
What is 306 + -100 + -121 - 55?
30
What is the value of -239 + (-68 - -332 - 134)?
-109
Calculate -16 - ((2 - 16 - -10) + 1) - 22.
-35
Calculate -40 + (-4 + -55 - (-69 + 71)).
-101
Calculate (14 - (21 - 10)) + -10 + (-38 - (-4 - 5)).
-36
Calculate (288 - 302) + (50 + -8 - 14 - (-4 - -1)).
17
Calculate -76 - (-2 + (3 + 0 - (-12 + 13))).
-76
What is the value of (3 - 5) + (323 - 303 - (-2 + 29)) + -58?
-67
(84 - 36 - 64) + (44 - -3)
31
(-18 - -28) + -3 + -3 - 11 - (47 - -18)
-72
Calculate -9 - (2 - (32 + -36 + 11 + 1)).
-3
What is 8 - ((3 - -15 - (35 - 26)) + 6 + -5)?
-2
Evaluate 12 - (73 + (3 - (13 + -16 + 9))).
-58
What is -38 + -1 + (47 - -9 - 23 - 49)?
-55
-6123 - -6110 - (0 + 43 + (-5 - -6))
-57
What is the value of -58 - (-85 - 21 - -15)?
33
What is the value of (-61 - -47) + (50 - -4) - (3 + -9)?
46
Calculate 0 + -30 + (-121 - 21) + 134.
-38
Calculate 3 - 31 - (243 + -301).
30
What is 8 - (20 - 12) - (-54 + (-12 - -25) - 17)?
58
Evaluate -1 + -16 + 1 - (-107 + 114) - (-19 + 15).
-19
What is the value of 11 + (-14 - ((16 - 15) + 14 - 15))?
-3
What is the value of 12620 - 12644 - (1 - -1 - -1)?
-27
Evaluate (13 - 16 - 0 - (-6 - -5)) + -4.
-6
What is 18 - (15 - -35) - -56?
24
What is 15 + 126 + -79 + -10?
52
What is the value of -13 + -15 + 43 + -60 - -23?
-22
Calculate 22 + -26 + (19 - 118) + 20.
-83
(-1 - 16) + (2168 - 2134)
17
Calculate 10 + -36 - (-4 + -4 - (0 + -3 - 4)).
-25
(0 - (-3 + 2)) + 3 + -2263 + 2250
-9
What is the value of (-98 - -58) + (-3 - (-4 - -2))?
-41
(-47 + 86 - -9) + -8 + (2 - -2) + 8
52
Evaluate -17 + 11 - 27 - (-17 - -36).
-52
Evaluate -35 + 66 - 65 - -34 - -3.
3
What is 67 - 61 - (2 - 5)?
9
Evaluate (59 - 62) + -21 + 37.
13
What is (-6 - 2) + (-2 - 4) + (11 - (-1 + -44))?
42
What is the value of (-27 - 4) + -476 + 445?
-62
Evaluate (-1 - 9) + 20 + (3 - (10 + (-10 - -6))).
7
-11 - (-15 + -8 + 2 + (16 - 23))
17
What is (13 - (24 - 11)) + -5 + 20?
15
(1 - -8 - (-23 + 19)) + 12 - 2
23
15 - 1 - (-50 + 64 + 0 + -40 + -6)
46
(1 - 91) + (17 + -40 - -8)
-105
Evaluate 13 - (-16 - -38) - 25.
-34
0 + 31 + (58 - 112)
-23
Evaluate (108 - 0) + (-15055 - -15046).
99
Calculate -25 + (-34 + 29 - -25) + (10 - 0) + -105.
-100
Evaluate (-38 - (87 - -11)) + 103.
-33
(2 - 80 - -80) + (1 + 9 - 0)
12
Calculate (-15 - 10) + 34 + -2 + -4 + -14.
-11
Calculate (12 - 9 - (-17 - -14) - 32) + -11.
-37
What is the value of 2 + -14 + -6 - 12 - 1?
-31
Calculate -25 - ((32 - (37 + -5)) + 4).
-29
What is -128 - (-202 - -77 - -40)?
-43
What is -93 + ((-2 - 7) + (-27 - -30) - (-16 - -3))?
-86
Evaluate -3 + 1 + (2 - ((-45 - -38) + -5 + -6)).
18
Calculate 4 - (0 - -4) - (-82 + 196 + -119).
5
Evaluate (10 - (-1 - -2 